49
What are the prime factors of 15401535?
3, 5, 53, 19373
List the prime factors of 647064.
2, 3, 11, 19, 43
What are the prime factors of 1543980?
2, 3, 5, 25733
List the prime factors of 2923565.
5, 584713
List the prime factors of 12239252.
2, 17, 179989
What are the prime factors of 188705?
5, 11, 47, 73
List the prime factors of 169627.
169627
List the prime factors of 1582476.
2, 3, 7, 18839
List the prime factors of 1871209.
73, 25633
List the prime factors of 12314772.
2, 3, 342077
What are the prime factors of 3073851?
3, 11, 61, 509
What are the prime factors of 68094?
2, 3, 13, 97
List the prime factors of 689666.
2, 61, 5653
List the prime factors of 5551936.
2, 13, 6673
List the prime factors of 949338.
2, 3, 13, 4057
What are the prime factors of 184458?
2, 3, 71, 433
List the prime factors of 485564.
2, 19, 6389
List the prime factors of 346776.
2, 3, 14449
List the prime factors of 20776320.
2, 3, 5, 3607
What are the prime factors of 1935443?
1935443
List the prime factors of 334646.
2, 13, 61, 211
List the prime factors of 651748.
2, 162937
List the prime factors of 494193.
3, 7, 101, 233
List the prime factors of 450461.
11, 31, 1321
List the prime factors of 4994928.
2, 3, 34687
What are the prime factors of 9468377?
2731, 3467
List the prime factors of 1627611.
3, 542537
What are the prime factors of 895598?
2, 11, 40709
List the prime factors of 802472.
2, 11, 829
List the prime factors of 3356587.
13, 31, 8329
What are the prime factors of 7242?
2, 3, 17, 71
What are the prime factors of 2436593?
17, 143329
What are the prime factors of 140652?
2, 3, 3907
List the prime factors of 9116.
2, 43, 53
List the prime factors of 1185339.
3, 395113
What are the prime factors of 5429349?
3, 22343
List the prime factors of 156969.
3, 107, 163
What are the prime factors of 15769569?
3, 353, 14891
List the prime factors of 1374853.
41, 33533
List the prime factors of 307128.
2, 3, 67, 191
List the prime factors of 2628777.
3, 131, 6689
What are the prime factors of 12222000?
2, 3, 5, 7, 97
List the prime factors of 8512642.
2, 131, 32491
What are the prime factors of 1314412?
2, 11, 29873
List the prime factors of 20134.
2, 10067
List the prime factors of 4229903.
89, 47527
List the prime factors of 704421.
3, 23, 41, 83
List the prime factors of 16759503.
3, 761, 2447
What are the prime factors of 22532?
2, 43, 131
List the prime factors of 944527.
944527
What are the prime factors of 14938812?
2, 3, 7, 59281
What are the prime factors of 4566744?
2, 3, 7, 13, 17, 41
What are the prime factors of 2927492?
2, 29, 25237
List the prime factors of 79729.
13, 6133
What are the prime factors of 663937?
663937
List the prime factors of 1818262.
2, 19, 59, 811
What are the prime factors of 1075633?
13, 97, 853
List the prime factors of 68728.
2, 11, 71
List the prime factors of 2290268.
2, 572567
What are the prime factors of 498313?
19, 26227
List the prime factors of 13901505.
3, 5, 926767
List the prime factors of 3285413.
337, 9749
What are the prime factors of 423657?
3, 13, 17, 71
List the prime factors of 2063819.
2063819
What are the prime factors of 1790474?
2, 7, 17, 7523
List the prime factors of 296947.
7, 59, 719
List the prime factors of 6112545.
3, 5, 407503
List the prime factors of 342322.
2, 171161
List the prime factors of 42744.
2, 3, 13, 137
What are the prime factors of 200116?
2, 7, 1021
List the prime factors of 12991143.
3, 11, 393671
List the prime factors of 6334881.
3, 7, 31, 37, 263
List the prime factors of 313395.
3, 5, 17, 1229
List the prime factors of 458627.
13, 35279
What are the prime factors of 632179?
17, 41, 907
What are the prime factors of 147792?
2, 3, 3079
What are the prime factors of 9737691?
3, 3245897
What are the prime factors of 120264?
2, 3, 5011
What are the prime factors of 15390456?
2, 3, 19, 33751
List the prime factors of 3744073.
137, 27329
What are the prime factors of 1320625?
5, 2113
What are the prime factors of 1282813?
7, 183259
List the prime factors of 2260622.
2, 7, 13, 12421
What are the prime factors of 8453865?
3, 5, 7, 80513
List the prime factors of 6926284.
2, 1731571
What are the prime factors of 610246?
2, 7, 13, 479
What are the prime factors of 45309?
3, 11, 1373
List the prime factors of 1024756.
2, 256189
List the prime factors of 7733661.
3, 13, 59, 3361
List the prime factors of 1845785.
5, 311, 1187
List the prime factors of 27817827.
3, 9272609
List the prime factors of 173190.
2, 3, 5, 23, 251
What are the prime factors of 17212?
2, 13, 331
List the prime factors of 1312904.
2, 164113
What are the prime factors of 877253?
13, 67481
What are the prime factors of 191034?
2, 3, 10613
List the prime factors of 73432.
2, 67, 137
What are the prime factors of 503608?
2, 7, 17, 23
List the prime factors of 29286.
2, 3, 1627
List the prime factors of 10082878.
2, 13, 23, 1297
What are the prime factors of 21259119?
3, 7, 19, 53281
What are the prime factors of 678752?
2, 21211
List the prime factors of 17432556.
2, 3, 1452713
List the prime factors of 1743727.
1743727
What are the prime factors of 429104?
2, 13, 2063
List the prime factors of 1230884.
2, 127, 2423
List the prime factors of 5477402.
2, 7, 239, 1637
What are the prime factors of 430167?
3, 223, 643
What are the prime factors of 1967105?
5, 7, 31, 37
What are the prime factors of 2347042?
2, 1173521
List the prime factors of 113914.
2, 56957
What are the prime factors of 34785?
3, 5, 773
What are the prime factors of 20739176?
2, 29, 89393
List the prime factors of 2460342.
2, 3, 17, 24121
What are the prime factors of 5822470?
2, 5, 582247
List the prime factors of 162091.
162091
What are the prime factors of 155381?
155381
List the prime factors of 90220.
2, 5, 13, 347
List the prime factors of 231071.
269, 859
List the prime factors of 490670.
2, 5, 139, 353
List the prime factors of 4746653.
563, 8431
List the prime factors of 310071.
3, 103357
What are the prime factors of 824814?
2, 3, 45823
What are the prime factors of 9869872?
2, 53, 103, 113
What are the prime factors of 2269937?
53, 42829
What are the prime factors of 563950?
2, 5, 11279
What are the prime factors of 269353?
7, 23, 239
List the prime factors of 1360759.
1360759
What are the prime factors of 879603?
3, 293201
What are the prime factors of 2674832?
2, 167177
What are the prime factors of 185448?
2, 3, 7727
What are the prime factors of 892333?
13, 83, 827
List the prime factors of 532129.
13, 40933
What are the prime factors of 1201755?
3, 5, 113, 709
List the prime factors of 12598722.
2, 3, 37, 18917
List the prime factors of 206198.
2, 103099
What are the prime factors of 1445765?
5, 17, 73, 233
List the prime factors of 564644.
2, 141161
What are the prime factors of 221444?
2, 23, 29, 83
List the prime factors of 468979.
7, 17, 563
List the prime factors of 3487196.
2, 149, 5851
What are the prime factors of 755310?
2, 3, 5, 17, 1481
List the prime factors of 2574252.
2, 3, 23, 3109
What are the prime factors of 480550?
2, 5, 7, 1373
List the prime factors of 2126347.
19, 111913
What are the prime factors of 4890729?
3, 1630243
What are the prime factors of 5101356?
2, 3, 13, 53, 617
What are the prime factors of 231594?
2, 3, 11, 29
List the prime factors of 6344849.
7, 23, 39409
What are the prime factors of 147833?
7, 431
List the prime factors of 137915.
5, 27583
What are the prime factors of 457993?
43, 10651
List the prime factors of 4092031.
31, 132001
What are the prime factors of 625326?
2, 3, 13, 8017
List the prime factors of 1864554.
2, 3, 109, 2851
What are the prime factors of 2215958?
2, 23, 67, 719
What are the prime factors of 244919?
17, 14407
What are the prime factors of 85496?
2, 10687
List the prime factors of 565593.
3, 7, 23, 1171
What are the prime factors of 1357612?
2, 97, 3499
What are the prime factors of 326450?
2, 5, 6529
List the prime factors of 420590.
2, 5, 137, 307
List the prime factors of 4085892.
2, 3, 113497
List the prime factors of 9985119.
3, 3328373
What are the prime factors of 836406?
2, 3, 1721
List the prime factors of 2278833.
3, 17, 44683
What are the prime factors of 272586?
2, 3, 181, 251
What are the prime factors of 2757772?
2, 47, 14669
What are the prime factor